of 13656069?
1
What is the ten millions digit of 1571126203?
7
What is the ten millions digit of 3378229752?
7
What is the tens digit of 453696121?
2
What is the hundred thousands digit of 28393758?
3
What is the hundreds digit of 2344119230?
2
What is the ten millions digit of 384836571?
8
What is the tens digit of 102601909?
0
What is the tens digit of 317256534?
3
What is the ten thousands digit of 726336508?
3
What is the millions digit of 10350825?
0
What is the hundred thousands digit of 71892557?
8
What is the billions digit of 2270635844?
2
What is the billions digit of 7817321287?
7
What is the ten thousands digit of 74042135?
4
What is the hundred millions digit of 186014263?
1
What is the hundreds digit of 96301314?
3
What is the thousands digit of 35194535?
4
What is the units digit of 145653875?
5
What is the hundreds digit of 382985017?
0
What is the hundreds digit of 4548239843?
8
What is the hundred thousands digit of 211480164?
4
What is the hundreds digit of 1367941616?
6
What is the ten thousands digit of 1675984749?
8
What is the ten millions digit of 2428106008?
2
What is the ten millions digit of 18629058?
1
What is the ten thousands digit of 8455456?
5
What is the ten thousands digit of 190812284?
1
What is the units digit of 57239820?
0
What is the hundreds digit of 121510149?
1
What is the thousands digit of 47314177?
4
What is the thousands digit of 70786008?
6
What is the tens digit of 276024369?
6
What is the units digit of 306633085?
5
What is the units digit of 26208066?
6
What is the hundred thousands digit of 18628385?
6
What is the thousands digit of 1239216399?
6
What is the millions digit of 768266563?
8
What is the hundred millions digit of 2589415856?
5
What is the ten millions digit of 82075992?
8
What is the ten thousands digit of 6224764528?
6
What is the ten thousands digit of 28190196?
9
What is the hundred thousands digit of 1223999252?
9
What is the tens digit of 768340615?
1
What is the units digit of 399420396?
6
What is the ten millions digit of 2543006366?
4
What is the units digit of 55041416?
6
What is the millions digit of 50898424?
0
What is the thousands digit of 3958686?
8
What is the millions digit of 73271890?
3
What is the ten thousands digit of 2410400461?
0
What is the tens digit of 3385836995?
9
What is the hundred millions digit of 272507050?
2
What is the ten thousands digit of 1068370998?
7
What is the millions digit of 44227175?
4
What is the tens digit of 66111804?
0
What is the hundred thousands digit of 4590414727?
4
What is the thousands digit of 1343645395?
5
What is the hundred millions digit of 797833641?
7
What is the hundreds digit of 617855325?
3
What is the hundred thousands digit of 1690860639?
8
What is the ten millions digit of 262471314?
6
What is the tens digit of 850191976?
7
What is the hundred thousands digit of 215120466?
1
What is the units digit of 2432287450?
0
What is the units digit of 330020319?
9
What is the hundreds digit of 82773915?
9
What is the ten millions digit of 3204191750?
0
What is the ten millions digit of 25312318?
2
What is the hundreds digit of 58392835?
8
What is the thousands digit of 996791391?
1
What is the hundred millions digit of 1539893135?
5
What is the hundred thousands digit of 180376515?
3
What is the hundred millions digit of 5299424696?
2
What is the hundred millions digit of 465896631?
4
What is the ten millions digit of 112981381?
1
What is the hundred thousands digit of 87294793?
2
What is the hundred thousands digit of 324574729?
5
What is the thousands digit of 104355192?
5
What is the ten thousands digit of 56414140?
1
What is the ten thousands digit of 253017727?
1
What is the ten millions digit of 48412431?
4
What is the ten thousands digit of 2338763700?
6
What is the millions digit of 1017539797?
7
What is the units digit of 992437415?
5
What is the tens digit of 1903973142?
4
What is the ten thousands digit of 48147081?
4
What is the ten thousands digit of 2116411705?
1
What is the tens digit of 1798581428?
2
What is the ten thousands digit of 1402974092?
7
What is the millions digit of 1211663114?
1
What is the ten millions digit of 8348501215?
4
What is the hundred thousands digit of 1073696933?
6
What is the millions digit of 37015792?
7
What is the tens digit of 6256305?
0
What is the ten thousands digit of 176433018?
3
What is the millions digit of 36660622?
6
What is the millions digit of 185128473?
5
What is the units digit of 104247439?
9
What is the hundred thousands digit of 85436312?
4
What is the hundred thousands digit of 274759675?
7
What is the ten thousands digit of 717290802?
9
What is the units digit of 2645896?
6
What is the thousands digit of 105001574?
1
What is the tens digit of 3409167739?
3
What is the units digit of 4724206728?
8
What is the hundreds digit of 1026697?
6
What is the hundred millions digit of 205128532?
2
What is the millions digit of 214536589?
4
What is the units digit of 116223718?
8
What is the hundreds digit of 204932047?
0
What is the hundreds digit of 31086755?
7
What is the thousands digit of 179546216?
6
What is the thousands digit of 14020565?
0
What is the thousands digit of 840966406?
6
What is the millions digit of 239308881?
9
What is the thousands digit of 86055152?
5
What is the billions digit of 2062990199?
2
What is the millions digit of 938686595?
8
What is the hundred thousands digit of 3287134792?
1
What is the hundreds digit of 2187334736?
7
What is the ten millions digit of 17986491?
1
What is the hundred thousands digit of 444586288?
5
What is the hundred thousands digit of 107423255?
4
What is the hundreds digit of 55618825?
8
What is the hundred thousands digit of 10530746?
5
What is the millions digit of 3136147601?
6
What is the tens digit of 99358877?
7
What is the thousands digit of 955017346?
7
What is the tens digit of 887215?
1
What is the ten millions digit of 71335377?
7
What is the thousands digit of 3160390?
0
What is the hundred thousands digit of 74315800?
3
What is the units digit of 38375348?
8
What is the ten thousands digit of 14862043?
6
What is the units digit of 233938907?
7
What is the ten thousands digit of 522150995?
5
What is the hundreds digit of 815872192?
1
What is the hundred thousands digit of 41321329?
3
What is the millions digit of 9811532?
9
What is the ten thousands digit of 796706038?
0
What is the thousands digit of 123800419?
0
What is the ten thousands digit of 45659190?
5
What is the units digit of 26146696?
6
What is the tens digit of 4047332906?
0
What is the millions digit of 2730083034?
0
What is the hundred thousands digit of 265993199?
9
What is the hundreds digit of 112382608?
6
What is the hundred thousands digit of 1571015836?
0
What is the hundred millions digit of 4514496876?
5
What is the ten thousands digit of 246125174?
2
What is the ten thousands digit of 343708525?
0
What is the ten thousands digit of 1115710310?
1
What is the hundreds digit of 299983659?
6
What is the units digit of 73284450?
0
What is the units digit of 118961419?
9
What is the hundred thousands digit of 2490949482?
9
What is the ten millions digit of 883390240?
8
What is the ten thousands digit of 80183860?
8
What is the millions digit of 8432218?
8
What is the hundred millions digit of 391780642?
3
What is the units digit of 34854450?
0
What is the ten thousands digit of 42767922?
6
What is the ten thousands digit of 787210328?
1
What is the thousands digit of 343958803?
8
What is the ten thousands digit of 3003445?
0
What is the thousands digit of 45781783?
1
What is the ten thousands digit of 1193817535?
1
What is the ten millions digit of 3990707564?
9
What is the units digit of 36277369?
9
What is the ten millions digit of 11272072?
1
What is the thousands digit of 85698784?
8
What is the tens digit of 4958784?
8
What is the hundreds digit of 2622551387?
3
What is the ten thousands digit of 1055179290?
7
What is the hundreds digit of 104713041?
0
What is the millions digit of 291474348?
1
What is the millions digit of 1964554325?
4
What is the ten millions digit of 222429388?
2
What is the ten thousands digit of 735585208?
8
What is the ten thousands digit of 152717136?
1
What is the units digit of 1805604152?
2
What